420224
In base 10, what is 1 + 255215?
255216
In base 4, what is -1221122021 - -2?
-1221122013
In base 11, what is -5 - -3a041?
3a037
In base 14, what is -1d7 - 4856?
-4a4d
In base 10, what is -164 + 289?
125
In base 9, what is 0 + -24487?
-24487
In base 12, what is -688 - -60?
-628
In base 15, what is 3e + 1cee?
1d3d
In base 2, what is -10000 - -100110111110?
100110101110
In base 9, what is 670 - 52?
617
In base 5, what is 3143 - -402?
4100
In base 5, what is -2 - 20041?
-20043
In base 4, what is -3 - 1130233?
-1130302
In base 6, what is -120121 - -20?
-120101
In base 11, what is 9 + -47aa?
-47a1
In base 9, what is 1028 + 80?
1118
In base 15, what is c7c78 + 0?
c7c78
In base 6, what is 42224534 + 5?
42224543
In base 11, what is 0 + 606861?
606861
In base 16, what is -42b - b?
-436
In base 14, what is 2b - -1867?
1894
In base 10, what is -4 + 262252?
262248
In base 2, what is 101000110 - -11010?
101100000
In base 6, what is 4133 - -41?
4214
In base 9, what is 18 + -5464?
-5445
In base 9, what is 4 + 43112?
43116
In base 2, what is -111000 - -100001000110?
100000001110
In base 4, what is -1002 - -112113?
111111
In base 11, what is a570 + -8?
a563
In base 5, what is 1 + -404414?
-404413
In base 9, what is -53164 - -2?
-53162
In base 6, what is 32 + 3454000?
3454032
In base 14, what is 1 + 498a0?
498a1
In base 8, what is -3253070 - -4?
-3253064
In base 11, what is -4 - 326?
-32a
In base 14, what is 2 - -8bd8a?
8bd8c
In base 7, what is 0 + -43441?
-43441
In base 6, what is 31 + -10121?
-10050
In base 11, what is -5 + 166286?
166281
In base 9, what is -168 - 2728?
-3007
In base 2, what is -11111011000 + -10?
-11111011010
In base 12, what is 3 + 7243?
7246
In base 4, what is -3 - 2203032302?
-2203032311
In base 15, what is -461 - -6?
-45a
In base 2, what is 10111111 + 1010011111?
1101011110
In base 10, what is -200733 - 1?
-200734
In base 15, what is 34dd - 1c?
34c1
In base 14, what is -7 - 63da?
-6403
In base 6, what is -22232 + 1?
-22231
In base 6, what is -51532505 + -2?
-51532511
In base 15, what is 30d - 6e5?
-3d7
In base 7, what is 1106461 + 45?
1106536
In base 2, what is -1000110 - -11110110?
10110000
In base 3, what is -11 - -1212001?
1211220
In base 6, what is 43014 - -50?
43104
In base 10, what is 626 + -632?
-6
In base 13, what is 10 + -7132?
-7122
In base 11, what is 52 + -862?
-810
In base 8, what is 215436 + -2?
215434
In base 13, what is 2 + -5c8a?
-5c88
In base 11, what is a6609 - 6?
a6603
In base 8, what is -34430 + -36?
-34466
In base 12, what is -12a253 + 1?
-12a252
In base 9, what is -3 - 8433?
-8436
In base 9, what is 218 - -186?
415
In base 2, what is -10100101011010010010 + 11?
-10100101011010001111
In base 10, what is 308820 - 3?
308817
In base 10, what is 0 + -33621?
-33621
In base 2, what is -1000011110110000111 + -111?
-1000011110110001110
In base 6, what is -54253 - -4?
-54245
In base 15, what is 0 + -6638?
-6638
In base 5, what is 20 - 102331?
-102311
In base 2, what is 101100 + -100001001111?
-100000100011
In base 6, what is -10 - -101320?
101310
In base 13, what is -76 - -66?
-10
In base 16, what is 4f545 + -10?
4f535
In base 13, what is -5367 + 23?
-5344
In base 15, what is -17 - 290a0?
-290b7
In base 16, what is -1 + -4730b?
-4730c
In base 7, what is -5 - 62536?
-62544
In base 13, what is -b + -5303?
-5311
In base 2, what is 11111 + -110011100011?
-110011000100
In base 4, what is -2032 + 3332?
1300
In base 7, what is 43 + -1442?
-1366
In base 10, what is 10062 + -20?
10042
In base 6, what is -350 - 41125?
-41515
In base 2, what is -101101100100100011 - -100?
-101101100100011111
In base 11, what is 2129 - 326?
1903
In base 16, what is -8 + 3e5cc?
3e5c4
In base 9, what is 31 - -3037?
3068
In base 8, what is 231 + 34756?
35207
In base 9, what is 1054 + 2328?
3383
In base 11, what is 12179a - 8?
121792
In base 7, what is 1556362 - -2?
1556364
In base 7, what is -52300 + -423?
-53023
In base 14, what is -182 - -100?
-82
In base 3, what is -1121001202 - 110?
-1121002012
In base 4, what is -101003 + -12130?
-113133
In base 15, what is 103 + 23?
126
In base 11, what is -1 - 34849?
-3484a
In base 2, what is 0 + 11110010010011010?
11110010010011010
In base 3, what is -101 + 101121010?
101120202
In base 10, what is -3 + 16387?
16384
In base 5, what is -31 - 142321?
-142402
In base 3, what is -212 + 1020021112?
1020020200
In base 11, what is -1 - -27355?
27354
In base 3, what is 1110121 - -11122?
1122020
In base 4, what is -30013101 + 1?
-30013100
In base 11, what is 1a7 + -3338?
-3141
In base 15, what is 9e9e - -6d?
a01c
In base 10, what is 4567453 - 3?
4567450
In base 7, what is -5 - 161312?
-161320
In base 4, what is -11 - -1101103312?
1101103301
In base 9, what is 218265 - 0?
218265
In base 4, what is 100 - -2001121?
2001221
In base 9, what is -1786 - -140?
-1646
In base 4, what is 21200322 + -2?
21200320
In base 4, what is -110301120033 - 0?
-110301120033
In base 9, what is -807 + -1887?
-2805
In base 13, what is -1 + 1aa9?
1aa8
In base 16, what is 2 + -17bf0?
-17bee
In base 4, what is -2021313 - -22?
-2021231
In base 12, what is -180 - 2831?
-29b1
In base 12, what is 2b43 + 180?
3103
In base 14, what is 1d0 - 31?
19d
In base 13, what is 779 - -1c?
798
In base 3, what is 1022220202021 + -2?
1022220202012
In base 7, what is 265 + -2662?
-2364
In base 3, what is -21102001012 + -111?
-21102001200
In base 5, what is 10300 + -2421?
2324
In base 13, what is 13b7 - -10?
13c7
In base 6, what is -4023534 + -2?
-4023540
In base 12, what is -37678 + 3?
-37675
In base 6, what is 314 + -102340?
-102022
In base 7, what is 5565213 + -4?
5565206
In base 11, what is 5166 + 0?
5166
In base 10, what is -1159 + 39?
-1120
In base 4, what is -233220 + -1332?
-301212
In base 8, what is 36 + 101760?
102016
In base 13, what is -64a + 199?
-481
In base 10, what is 453 - 1216?
-763
In base 9, what is 131 - 478?
-347
In base 8, what is 10453456 - 1?
10453455
In base 3, what is 0 - 211022220?
-211022220
In base 2, what is -1101001011 + -1101011?
-1110110110
In base 16, what is 4c5c4c + 3?
4c5c4f
In base 14, what is -26 - 3a0?
-3c6
In base 14, what is 1 - 9540?
-953d
In base 5, what is -1320 + -44040?
-100410
In base 6, what is 2 + 13144?
13150
In base 6, what is 151 + 1405?
2000
In base 3, what is 1110021 - -11221?
1122012
In base 6, what is -4 - -12245405?
12245401
In base 15, what is -442 - 9d?
-4e0
In base 8, what is 15 + 13470?
13505
In base 3, what is -11 + 1011112022222?
1011112022211
In base 7, what is 253613 + 13?
253626
In base 3, what is 201202201101 - -1?
201202201102
In base 8, what is 4 + -4667?
-4663
In base 5, what is -310 + 2410?
2100
In base 4, what is -10 + -2333002?
-2333012
In base 5, what is 120 - 2402242?
-2402122
In base 14, what is -6 - -28283?
2827b
In base 16, what is 6 + 21?
27
In base 8, what is 307 + 2101?
2410
In base 10, what is 878 - 0?
878
In base 4, what is 13 + -101112?
-101033
In base 14, what is 6 + -75b8?
-75b2
In base 16, what is fa71 + e?
fa7f
In base 11, what is -315 + 763?
449
In base 4, what is -123201 + 212?
-122323
In base 9, what is 4570 - -286?
4866
In base 9, what is -76843 + -4?
-76847
In base 16, what is d - -3b9e?
3bab
In base 13, what is -33ca4 + 4?
-33ca0
In base 13, what is -1 + 1892?
1891
In base 10, what is 0 + -1798?
-1798
In base 16, what is 742 + -102?
640
In base 4, what is -21131 - 100?
-21231
In base 2, what is -10 - 10000000000101011011?
-10000000000101011101
In base 3, what is -22 - 12210010112?
-12210010211
In base 15, what is 8b2 + -e?
8a3
In base 8, what is -4 - 1554610?
-1554614
In base 5, what is 33 - 10132414?
-10132331
In base 7, what is -3 + 525234?
525231
In base 14, what is 0 - 5cb9b?
-5cb9b
In base 8, what is 2302 - -21?
2323
In base 9, what is 246381 - 3?
246377
In base 9, what is 4 + -64182?
-64177
In base 12, what is 1 + 2789?
278a
In base 4, what is -33010 - -101110?
2100
In base 15, what is -22c19 - 1?
-22c1a
In base 13, what is -9b6 - -218?
-79b
In base 4, what is 110021 + -220233?
-110212
In base 14, what is -16 - -a32?
a1a
In base 13, what is -5 - -180326?
180321
In base 16, what is 1552cd + 6?
1552d3
In base 7, what is 2 + 3056?
3061
In base 12, what is 12a44 - -4?
12a48
In base 15, what is 5 - -b0a?
b10
In base 7, what is 36 - -416000?
416036
In base 5, what is -3